{"id":888,"date":"2021-08-21T18:44:24","date_gmt":"2021-08-21T16:44:24","guid":{"rendered":"https:\/\/bonusscenescoupees.com\/?page_id=888"},"modified":"2021-09-02T20:47:46","modified_gmt":"2021-09-02T18:47:46","slug":"sur-le-projet-2","status":"publish","type":"page","link":"https:\/\/bonusscenescoupees.com\/?page_id=888","title":{"rendered":"Sur le projet"},"content":{"rendered":"\n<p><\/p>\n\n\n\n<p><\/p>\n\n\n\n<p><\/p>\n\n\n\n<p><\/p>\n\n\n\n<p><\/p>\n\n\n\n<p><\/p>\n\n\n\n<p><\/p>\n\n\n\n<p><\/p>\n\n\n\n<p><\/p>\n\n\n\n<p><\/p>\n\n\n\n<p><\/p>\n\n\n\n<p><\/p>\n\n\n\n<p><\/p>\n\n\n\n<p><\/p>\n\n\n\n<p class=\"has-text-align-justify custom-indent\">\u00ab&nbsp;<em>Bonus et sc\u00e8nes coup\u00e9es au montage<\/em>&nbsp;\u00bb est un livre, appartenant de plein droit \u00e0&nbsp;ma propre recherche, pourvu \u00e0 ce titre d\u2019un num\u00e9ro ISBN, mais dont l\u2019impression papier n\u2019aurait pas permis de r\u00e9aliser les intentions formelles et th\u00e9matiques exactes. Ce livre opte en effet pour la pluralit\u00e9 d&#8217;objets \u2014 m\u00eame s&#8217;il vise en point de mire une question unique, celle de <em>nos ann\u00e9es 20,<\/em> moins l\u00e9g\u00e8res, mais tout aussi folles, quoique en un autre sens,&nbsp;que les pr\u00e9c\u00e9dentes \u2014, et il choisit d&#8217;adopter la forme semi-br\u00e8ve \u2014 cet interm\u00e9diaire entre l\u2019aphorisme et le chapitre \u2014, dont Stendhal, qui en go\u00fbtait le tempo vivace, a su montrer le pouvoir d\u2019entra\u00eenement quasi chor\u00e9graphique.<\/p>\n\n\n\n<p class=\"has-text-align-justify custom-indent\">Il ne s\u2019agit cependant pas ici de plaider, f\u00fbt-ce par le fait, pour <em>toute<\/em> publication en ligne. Souvenons-nous d&#8217;Yves Clot et des analyses, inspir\u00e9es de Marx, qu&#8217;il menait du mal-\u00eatre au travail : on souffre souvent moins de \u00ab&nbsp;ne pas \u00eatre reconnu \u00e0 son travail&nbsp;\u00bb, que de ne pas&nbsp;<em>se<\/em>&nbsp;reconna\u00eetre dans son \/ dans&nbsp;<em>un<\/em>&nbsp;travail \u2014 un travail, comme peut l\u2019\u00eatre le livre papier, dans son ach\u00e8vement provisoire. Or l\u2019antagonisme, in\u00e9vitable, entre \u00e9dition en ligne et \u00e9dition papier induit, entre autres cons\u00e9quences n\u00e9fastes, celle de retarder, voire de compromettre, une r\u00e9flexion sur les&nbsp;<em>sp\u00e9cificit\u00e9s<\/em>&nbsp;de chacun de ces modes de diffusion, et d\u00e8s lors de diff\u00e9rer, voire d&#8217;inhiber, la mise en \u0153uvre, par la publication en ligne, des moyens d&#8217;expression et de signification dont elle est pr\u00e9gnante.<\/p>\n\n\n\n<p class=\"has-text-align-justify custom-indent\">La critique de cin\u00e9ma, la critique d&#8217;art, se sont d\u00e9j\u00e0 de longue date saisies de ces moyens, qui promettent bien davantage, et bien autre chose, que de l&#8217;illustration ; mais quiconque s&#8217;occupe de musique peut \u00e0 son tour, d\u00e9sormais, soulager ses lecteur.e.s de la malcommode n\u00e9cessit\u00e9 d&#8217;ex\u00e9cuter l&#8217;\u0153uvre \u00e9tudi\u00e9e ou de s&#8217;en procurer un enregistrement \u2014 une foule de questions de fond, in\u00e9dites, se posant alors au concepteur de site : dans quels cas l&#8217;extrait musical doit-il \u00eatre \u00ab ouvert dans un nouvel onglet \u00bb et demeurer un arri\u00e8re-plan sonore de la lecture ? dans quels cas doit-il faire alternative avec celle-ci ? La vieille pratique de la \u00ab note en bas de page \u00bb se trouve elle-m\u00eame investie d&#8217;un nouveau sens, car comment caract\u00e9riser une note proposant de (re)parcourir, de proche en proche, tout le livre invoqu\u00e9 ? Et s&#8217;il devient loisible, pour les lecteur.e.s, de d\u00e9crypter une allusion <em>\u00e0 m\u00eame<\/em> le support textuel \u00e0 disposition (via les moteurs de recherche adroitement utilis\u00e9s), ne voit-on pas s&#8217;att\u00e9nuer, ou se redessiner, les normes et les fronti\u00e8res de l&#8217;explicite et de l&#8217;implicite, de l&#8217;entendu et du sous-entendu ? Ces normes et ces fronti\u00e8res deviennent \u00e0 part enti\u00e8re moyens pour l&#8217;expression et pour la signification, et c&#8217;est tout un paysage de nouvelles possibilit\u00e9s et de nouvelles questions, esth\u00e9tiques, po\u00e9tiques et conceptuelles, qui prend relief devant nous.<\/p>\n\n\n\n<p class=\"has-text-align-right\">Arnaud Fran\u00e7ois<\/p>\n","protected":false},"excerpt":{"rendered":"<p>\u00ab&nbsp;Bonus et sc\u00e8nes coup\u00e9es au montage&nbsp;\u00bb est un livre, appartenant de plein droit \u00e0&nbsp;ma propre recherche, pourvu \u00e0 ce titre d\u2019un num\u00e9ro ISBN, mais dont l\u2019impression papier n\u2019aurait pas permis&hellip;<\/p>\n","protected":false},"author":1,"featured_media":0,"parent":0,"menu_order":0,"comment_status":"closed","ping_status":"closed","template":"","meta":{"nf_dc_page":"","om_disable_all_campaigns":false,"WB4WB4WP_MODE":"","WB4WP_PAGE_SCRIPTS":"","WB4WP_PAGE_STYLES":"","WB4WP_PAGE_FONTS":"","WB4WP_PAGE_HEADER":"","WB4WP_PAGE_FOOTER":"","_monsterinsights_skip_tracking":false,"_monsterinsights_sitenote_active":false,"_monsterinsights_sitenote_note":"","_monsterinsights_sitenote_category":0,"footnotes":""},"class_list":["post-888","page","type-page","status-publish","hentry"],"aioseo_notices":[],"jetpack_sharing_enabled":true,"_links":{"self":[{"href":"https:\/\/bonusscenescoupees.com\/index.php?rest_route=\/wp\/v2\/pages\/888","targetHints":{"allow":["GET"]}}],"collection":[{"href":"https:\/\/bonusscenescoupees.com\/index.php?rest_route=\/wp\/v2\/pages"}],"about":[{"href":"https:\/\/bonusscenescoupees.com\/index.php?rest_route=\/wp\/v2\/types\/page"}],"author":[{"embeddable":true,"href":"https:\/\/bonusscenescoupees.com\/index.php?rest_route=\/wp\/v2\/users\/1"}],"replies":[{"embeddable":true,"href":"https:\/\/bonusscenescoupees.com\/index.php?rest_route=%2Fwp%2Fv2%2Fcomments&post=888"}],"version-history":[{"count":5,"href":"https:\/\/bonusscenescoupees.com\/index.php?rest_route=\/wp\/v2\/pages\/888\/revisions"}],"predecessor-version":[{"id":1044,"href":"https:\/\/bonusscenescoupees.com\/index.php?rest_route=\/wp\/v2\/pages\/888\/revisions\/1044"}],"wp:attachment":[{"href":"https:\/\/bonusscenescoupees.com\/index.php?rest_route=%2Fwp%2Fv2%2Fmedia&parent=888"}],"curies":[{"name":"wp","href":"https:\/\/api.w.org\/{rel}","templated":true}]}}