{"id":846,"date":"2021-08-16T18:55:25","date_gmt":"2021-08-16T16:55:25","guid":{"rendered":"https:\/\/bonusscenescoupees.com\/?page_id=846"},"modified":"2021-08-27T18:50:21","modified_gmt":"2021-08-27T16:50:21","slug":"licence","status":"publish","type":"page","link":"https:\/\/bonusscenescoupees.com\/?page_id=846","title":{"rendered":"Licence"},"content":{"rendered":"\n<p class=\"has-text-align-justify custom-indent\">Ce site adopte, concernant la propri\u00e9t\u00e9 intellectuelle, une politique r\u00e9gie par la <a href=\"https:\/\/creativecommons.org\/licenses\/by-nc-sa\/4.0\/legalcode.fr\">licence Creative commons de type 4<\/a>, qui autorise un usage exclusivement non commercial des contenus originaux, non modifi\u00e9s, et incluant une mention de leur source.<\/p>\n\n\n\n<div style=\"height:100px\" aria-hidden=\"true\" class=\"wp-block-spacer\"><\/div>\n\n\n\n<div class=\"wp-block-image\"><figure class=\"aligncenter size-full\"><img data-recalc-dims=\"1\" loading=\"lazy\" decoding=\"async\" width=\"410\" height=\"649\" src=\"https:\/\/i0.wp.com\/bonusscenescoupees.com\/wp-content\/uploads\/2021\/08\/Photo.png?resize=410%2C649&#038;ssl=1\" alt=\"\" class=\"wp-image-979\" srcset=\"https:\/\/i0.wp.com\/bonusscenescoupees.com\/wp-content\/uploads\/2021\/08\/Photo.png?w=410&amp;ssl=1 410w, https:\/\/i0.wp.com\/bonusscenescoupees.com\/wp-content\/uploads\/2021\/08\/Photo.png?resize=190%2C300&amp;ssl=1 190w\" sizes=\"auto, (max-width: 410px) 100vw, 410px\" \/><figcaption>Schopenhauer, <em>Parerga et Paralipomena<\/em> <em>(Bonus et sc\u00e8nes coup\u00e9es au montage)<\/em>, 1<sup>re<\/sup> \u00e9d., 1851, Wikipedia, domaine public<\/figcaption><\/figure><\/div>\n","protected":false},"excerpt":{"rendered":"<p>Ce site adopte, concernant la propri\u00e9t\u00e9 intellectuelle, une politique r\u00e9gie par la licence Creative commons de type 4, qui autorise un usage exclusivement non commercial des contenus originaux, non modifi\u00e9s,&hellip;<\/p>\n","protected":false},"author":1,"featured_media":0,"parent":0,"menu_order":0,"comment_status":"closed","ping_status":"closed","template":"","meta":{"nf_dc_page":"","om_disable_all_campaigns":false,"WB4WB4WP_MODE":"","WB4WP_PAGE_SCRIPTS":"","WB4WP_PAGE_STYLES":"","WB4WP_PAGE_FONTS":"","WB4WP_PAGE_HEADER":"","WB4WP_PAGE_FOOTER":"","_monsterinsights_skip_tracking":false,"_monsterinsights_sitenote_active":false,"_monsterinsights_sitenote_note":"","_monsterinsights_sitenote_category":0,"footnotes":""},"class_list":["post-846","page","type-page","status-publish","hentry"],"aioseo_notices":[],"jetpack_sharing_enabled":true,"_links":{"self":[{"href":"https:\/\/bonusscenescoupees.com\/index.php?rest_route=\/wp\/v2\/pages\/846","targetHints":{"allow":["GET"]}}],"collection":[{"href":"https:\/\/bonusscenescoupees.com\/index.php?rest_route=\/wp\/v2\/pages"}],"about":[{"href":"https:\/\/bonusscenescoupees.com\/index.php?rest_route=\/wp\/v2\/types\/page"}],"author":[{"embeddable":true,"href":"https:\/\/bonusscenescoupees.com\/index.php?rest_route=\/wp\/v2\/users\/1"}],"replies":[{"embeddable":true,"href":"https:\/\/bonusscenescoupees.com\/index.php?rest_route=%2Fwp%2Fv2%2Fcomments&post=846"}],"version-history":[{"count":5,"href":"https:\/\/bonusscenescoupees.com\/index.php?rest_route=\/wp\/v2\/pages\/846\/revisions"}],"predecessor-version":[{"id":998,"href":"https:\/\/bonusscenescoupees.com\/index.php?rest_route=\/wp\/v2\/pages\/846\/revisions\/998"}],"wp:attachment":[{"href":"https:\/\/bonusscenescoupees.com\/index.php?rest_route=%2Fwp%2Fv2%2Fmedia&parent=846"}],"curies":[{"name":"wp","href":"https:\/\/api.w.org\/{rel}","templated":true}]}}