{"id":298,"date":"2021-08-02T15:57:37","date_gmt":"2021-08-02T13:57:37","guid":{"rendered":"https:\/\/bonusscenescoupees.com\/?page_id=298"},"modified":"2021-09-16T20:45:21","modified_gmt":"2021-09-16T18:45:21","slug":"sur-la-nostalgie","status":"publish","type":"page","link":"https:\/\/bonusscenescoupees.com\/?page_id=298","title":{"rendered":"Sur la nostalgie"},"content":{"rendered":"\n<div style=\"height:100px\" aria-hidden=\"true\" class=\"wp-block-spacer\"><\/div>\n\n\n\n<h3 class=\"has-text-align-center wp-block-heading\"><strong>Sur la nostalgie<\/strong><\/h3>\n\n\n\n<div style=\"height:100px\" aria-hidden=\"true\" class=\"wp-block-spacer\"><\/div>\n\n\n\n<p><\/p>\n\n\n\n<p><\/p>\n\n\n\n<p><\/p>\n\n\n\n<p><\/p>\n\n\n\n<p><\/p>\n\n\n\n<p><\/p>\n\n\n\n<p><\/p>\n\n\n\n<p><\/p>\n\n\n\n<p><\/p>\n\n\n\n<p class=\"has-text-align-justify custom-indent\">La nostalgie porte avec elle une petite illusion, sur laquelle il ne sera pas vain de s\u2019arr\u00eater un instant. Si \u00eatre nostalgique consiste \u00e0 se rem\u00e9morer un moment du pass\u00e9, tout en associant \u00e0 ce souvenir la croyance suivant laquelle on serait heureux \u00e0 revivre un tel moment \u00e0 l\u2019identique, alors qu\u2019on se mette en peine de r\u00e9unir les conditions pour qu\u2019il revienne, et la tristesse de notre d\u00e9convenue nous avertit bien vite de notre fourvoiement&nbsp;!<\/p>\n\n\n\n<p class=\"has-text-align-justify custom-indent\">Quiconque sait \u00e0 quoi s\u2019en tenir sur ce point, recherche les exp\u00e9riences similaires<em>&nbsp;<\/em>aux anciennes, mais non pas identiques. Escompter que relire&nbsp;<em>Guerre et paix<\/em>&nbsp;me rendrait le bonheur que je connus \u00e0 la premi\u00e8re lecture, est certes vain&nbsp;; mais prendre le souvenir au mot, et entamer la lecture de Thucydide, peut me procurer des jouissances d\u2019autant plus vives, qu\u2019elles seront compos\u00e9es, non seulement du plaisir de lire Thucydide, mais aussi des joies, raviv\u00e9es, autrefois prises \u00e0 fr\u00e9quenter Tolsto\u00ef.<\/p>\n\n\n\n<div style=\"height:100px\" aria-hidden=\"true\" class=\"wp-block-spacer\"><\/div>\n\n\n\n<div class=\"wp-block-columns is-layout-flex wp-container-core-columns-is-layout-9d6595d7 wp-block-columns-is-layout-flex\">\n<div class=\"wp-block-column is-layout-flow wp-block-column-is-layout-flow\">\n<p><a href=\"https:\/\/bonusscenescoupees.com\/?page_id=296\">page pr\u00e9c\u00e9dente<\/a><\/p>\n<\/div>\n\n\n\n<div class=\"wp-block-column is-layout-flow wp-block-column-is-layout-flow\">\n<p class=\"has-text-align-right\"><a href=\"https:\/\/bonusscenescoupees.com\/?page_id=300\">page suivante<\/a><\/p>\n<\/div>\n<\/div>\n","protected":false},"excerpt":{"rendered":"<p>Sur la nostalgie La nostalgie porte avec elle une petite illusion, sur laquelle il ne sera pas vain de s\u2019arr\u00eater un instant. Si \u00eatre nostalgique consiste \u00e0 se rem\u00e9morer un&hellip;<\/p>\n","protected":false},"author":1,"featured_media":0,"parent":0,"menu_order":0,"comment_status":"closed","ping_status":"closed","template":"","meta":{"nf_dc_page":"","om_disable_all_campaigns":false,"WB4WB4WP_MODE":"","WB4WP_PAGE_SCRIPTS":"","WB4WP_PAGE_STYLES":"","WB4WP_PAGE_FONTS":"","WB4WP_PAGE_HEADER":"","WB4WP_PAGE_FOOTER":"","_monsterinsights_skip_tracking":false,"_monsterinsights_sitenote_active":false,"_monsterinsights_sitenote_note":"","_monsterinsights_sitenote_category":0,"footnotes":""},"class_list":["post-298","page","type-page","status-publish","hentry"],"aioseo_notices":[],"jetpack_sharing_enabled":true,"_links":{"self":[{"href":"https:\/\/bonusscenescoupees.com\/index.php?rest_route=\/wp\/v2\/pages\/298","targetHints":{"allow":["GET"]}}],"collection":[{"href":"https:\/\/bonusscenescoupees.com\/index.php?rest_route=\/wp\/v2\/pages"}],"about":[{"href":"https:\/\/bonusscenescoupees.com\/index.php?rest_route=\/wp\/v2\/types\/page"}],"author":[{"embeddable":true,"href":"https:\/\/bonusscenescoupees.com\/index.php?rest_route=\/wp\/v2\/users\/1"}],"replies":[{"embeddable":true,"href":"https:\/\/bonusscenescoupees.com\/index.php?rest_route=%2Fwp%2Fv2%2Fcomments&post=298"}],"version-history":[{"count":5,"href":"https:\/\/bonusscenescoupees.com\/index.php?rest_route=\/wp\/v2\/pages\/298\/revisions"}],"predecessor-version":[{"id":1140,"href":"https:\/\/bonusscenescoupees.com\/index.php?rest_route=\/wp\/v2\/pages\/298\/revisions\/1140"}],"wp:attachment":[{"href":"https:\/\/bonusscenescoupees.com\/index.php?rest_route=%2Fwp%2Fv2%2Fmedia&parent=298"}],"curies":[{"name":"wp","href":"https:\/\/api.w.org\/{rel}","templated":true}]}}