{"id":108,"date":"2021-07-29T19:45:32","date_gmt":"2021-07-29T17:45:32","guid":{"rendered":"https:\/\/bonusscenescoupees.com\/?page_id=108"},"modified":"2021-12-19T23:51:09","modified_gmt":"2021-12-19T21:51:09","slug":"theorie-de-lambivalence-suite","status":"publish","type":"page","link":"https:\/\/bonusscenescoupees.com\/?page_id=108","title":{"rendered":"Th\u00e9orie de l\u2019ambivalence (suite)"},"content":{"rendered":"\n<div style=\"height:100px\" aria-hidden=\"true\" class=\"wp-block-spacer\"><\/div>\n\n\n\n<h3 class=\"has-text-align-center wp-block-heading\"><strong>Th\u00e9orie de l\u2019ambivalence (suite)<\/strong><\/h3>\n\n\n\n<div style=\"height:100px\" aria-hidden=\"true\" class=\"wp-block-spacer\"><\/div>\n\n\n\n<p><\/p>\n\n\n\n<p><\/p>\n\n\n\n<p><\/p>\n\n\n\n<p><\/p>\n\n\n\n<p><\/p>\n\n\n\n<p><\/p>\n\n\n\n<p><\/p>\n\n\n\n<p><\/p>\n\n\n\n<p class=\"has-text-align-justify custom-indent\">Celles et ceux qui aspirent au repos (au \u00ab <em>home<\/em> \u00bb), \u00e0 l\u2019ordre ou \u00e0 la certitude ne sont pas absolument \u00e0 bl\u00e2mer. La seule question qui vaille est en effet : \u00e0 quoi leur <em>servent<\/em> cette claustration, cette uniformit\u00e9 de la vie, cette assurance dans le savoir ? Si c\u2019est \u00e0 fuir les attaches, les m\u00e9tamorphoses ou les \u00e9nigmes, alors on peut comprendre la r\u00e9probation qu\u2019inspire leur comportement. Mais l\u2019immobilit\u00e9 est, pour certaines personnes (quoique non pas pour toutes), le prix de leur mise en mouvement \u00e0 l\u2019instant propice, la r\u00e9p\u00e9tition, le prix de leurs cr\u00e9ations, et la conviction, le prix de leurs doutes. Il est, nous disait Nietzsche, un asc\u00e9tisme de pr\u00eatre, mais il est aussi un asc\u00e9tisme de philosophe ou d\u2019artiste. N\u2019\u00e9coutez qu\u2019Apollon, vous c\u00e9l\u00e9brerez le militarisme spartiate ; suivez Dionysos seul, il\u00a0<span style=\"font-size: Revert;\">vous conviera \u00e0 quelque sac\u00e9e babylonienne, o\u00f9 tourne la coupe de ce \u00ab breuvage des sorci\u00e8res \u00bb, m\u00e9lange de cruaut\u00e9 et de volupt\u00e9, que seuls parvinrent \u00e0 absorber, depuis trois si\u00e8cles, Sade et <a href=\"https:\/\/www.youtube.com\/watch?v=dfcVEj5IK1w\">Pasolini<\/a>. Ce qui est peu.<\/span><\/p>\n\n\n\n<div style=\"height:100px\" aria-hidden=\"true\" class=\"wp-block-spacer\"><\/div>\n\n\n\n<div class=\"wp-block-columns is-layout-flex wp-container-core-columns-is-layout-9d6595d7 wp-block-columns-is-layout-flex\">\n<div class=\"wp-block-column is-layout-flow wp-block-column-is-layout-flow\">\n<p><a href=\"https:\/\/bonusscenescoupees.com\/?page_id=85\">page pr\u00e9c\u00e9dente<\/a><\/p>\n<\/div>\n\n\n\n<div class=\"wp-block-column is-layout-flow wp-block-column-is-layout-flow\">\n<p class=\"has-text-align-right\"><a href=\"https:\/\/bonusscenescoupees.com\/?page_id=201\">page suivante<\/a><\/p>\n<\/div>\n<\/div>\n","protected":false},"excerpt":{"rendered":"<p>Th\u00e9orie de l\u2019ambivalence (suite) Celles et ceux qui aspirent au repos (au \u00ab home \u00bb), \u00e0 l\u2019ordre ou \u00e0 la certitude ne sont pas absolument \u00e0 bl\u00e2mer. La seule question&hellip;<\/p>\n","protected":false},"author":1,"featured_media":0,"parent":0,"menu_order":0,"comment_status":"closed","ping_status":"closed","template":"","meta":{"nf_dc_page":"","om_disable_all_campaigns":false,"WB4WB4WP_MODE":"","WB4WP_PAGE_SCRIPTS":"","WB4WP_PAGE_STYLES":"","WB4WP_PAGE_FONTS":"","WB4WP_PAGE_HEADER":"","WB4WP_PAGE_FOOTER":"","_monsterinsights_skip_tracking":false,"_monsterinsights_sitenote_active":false,"_monsterinsights_sitenote_note":"","_monsterinsights_sitenote_category":0,"footnotes":""},"class_list":["post-108","page","type-page","status-publish","hentry"],"aioseo_notices":[],"jetpack_sharing_enabled":true,"_links":{"self":[{"href":"https:\/\/bonusscenescoupees.com\/index.php?rest_route=\/wp\/v2\/pages\/108","targetHints":{"allow":["GET"]}}],"collection":[{"href":"https:\/\/bonusscenescoupees.com\/index.php?rest_route=\/wp\/v2\/pages"}],"about":[{"href":"https:\/\/bonusscenescoupees.com\/index.php?rest_route=\/wp\/v2\/types\/page"}],"author":[{"embeddable":true,"href":"https:\/\/bonusscenescoupees.com\/index.php?rest_route=\/wp\/v2\/users\/1"}],"replies":[{"embeddable":true,"href":"https:\/\/bonusscenescoupees.com\/index.php?rest_route=%2Fwp%2Fv2%2Fcomments&post=108"}],"version-history":[{"count":6,"href":"https:\/\/bonusscenescoupees.com\/index.php?rest_route=\/wp\/v2\/pages\/108\/revisions"}],"predecessor-version":[{"id":1910,"href":"https:\/\/bonusscenescoupees.com\/index.php?rest_route=\/wp\/v2\/pages\/108\/revisions\/1910"}],"wp:attachment":[{"href":"https:\/\/bonusscenescoupees.com\/index.php?rest_route=%2Fwp%2Fv2%2Fmedia&parent=108"}],"curies":[{"name":"wp","href":"https:\/\/api.w.org\/{rel}","templated":true}]}}